 thousands digit of 6912928353?
9
What is the tens digit of 153255913?
1
What is the units digit of 127041273?
3
What is the ten thousands digit of 343635236?
3
What is the hundreds digit of 159494012?
0
What is the billions digit of 2443902098?
2
What is the tens digit of 121950676?
7
What is the units digit of 3645708438?
8
What is the hundreds digit of 4449879124?
1
What is the units digit of 32832662?
2
What is the hundred millions digit of 3258647359?
2
What is the ten millions digit of 53772317?
5
What is the hundred millions digit of 7429276871?
4
What is the tens digit of 99547963?
6
What is the hundreds digit of 30124413?
4
What is the ten thousands digit of 297682641?
8
What is the tens digit of 153563348?
4
What is the millions digit of 3433678920?
3
What is the hundred thousands digit of 32579945?
5
What is the millions digit of 195285055?
5
What is the tens digit of 15631449?
4
What is the hundred thousands digit of 366463620?
4
What is the hundred millions digit of 998087449?
9
What is the millions digit of 293747212?
3
What is the ten thousands digit of 346567340?
6
What is the thousands digit of 819219153?
9
What is the units digit of 6411810181?
1
What is the thousands digit of 8409558883?
8
What is the hundred thousands digit of 2290803910?
8
What is the ten thousands digit of 27929588?
2
What is the hundred thousands digit of 9583702?
5
What is the tens digit of 1892576114?
1
What is the units digit of 184121569?
9
What is the ten millions digit of 304807286?
0
What is the ten thousands digit of 552086970?
8
What is the tens digit of 2187650035?
3
What is the tens digit of 32959075?
7
What is the billions digit of 1708003647?
1
What is the units digit of 38765199?
9
What is the hundreds digit of 56382571?
5
What is the hundred millions digit of 104162647?
1
What is the units digit of 48052191?
1
What is the ten millions digit of 17448348?
1
What is the thousands digit of 715776152?
6
What is the hundred thousands digit of 48991516?
9
What is the hundred thousands digit of 1570028823?
0
What is the hundred thousands digit of 1192937035?
9
What is the ten millions digit of 22671314?
2
What is the hundreds digit of 62345890?
8
What is the hundreds digit of 104261740?
7
What is the billions digit of 2259493830?
2
What is the hundreds digit of 47258482?
4
What is the tens digit of 183197063?
6
What is the hundreds digit of 436046468?
4
What is the tens digit of 11666658?
5
What is the hundred thousands digit of 83886685?
8
What is the thousands digit of 280302995?
2
What is the hundreds digit of 60336460?
4
What is the hundred thousands digit of 383350800?
3
What is the ten millions digit of 210616556?
1
What is the hundreds digit of 258108069?
0
What is the hundred thousands digit of 1149682293?
6
What is the hundred millions digit of 6491348881?
4
What is the thousands digit of 4295049?
5
What is the billions digit of 3449299001?
3
What is the millions digit of 365507458?
5
What is the ten millions digit of 20039130?
2
What is the hundred thousands digit of 519310869?
3
What is the hundred thousands digit of 67635575?
6
What is the ten millions digit of 969988169?
6
What is the ten millions digit of 40322183?
4
What is the millions digit of 2077471911?
7
What is the hundred millions digit of 343656429?
3
What is the ten millions digit of 140782962?
4
What is the hundred thousands digit of 1018408014?
4
What is the thousands digit of 59989564?
9
What is the millions digit of 63453453?
3
What is the tens digit of 261085269?
6
What is the thousands digit of 1456558050?
8
What is the hundred thousands digit of 61087874?
0
What is the ten thousands digit of 4286370904?
7
What is the millions digit of 102202620?
2
What is the hundred millions digit of 307161489?
3
What is the thousands digit of 44537608?
7
What is the thousands digit of 72605337?
5
What is the ten thousands digit of 20917856?
1
What is the hundreds digit of 61881314?
3
What is the millions digit of 4143365132?
3
What is the ten thousands digit of 21351214?
5
What is the millions digit of 354771973?
4
What is the billions digit of 1403920937?
1
What is the millions digit of 16410883?
6
What is the tens digit of 12176809?
0
What is the hundreds digit of 420628617?
6
What is the hundred thousands digit of 379107117?
1
What is the units digit of 493726278?
8
What is the tens digit of 9347660?
6
What is the ten thousands digit of 513647761?
4
What is the hundred thousands digit of 180769477?
7
What is the hundred millions digit of 450624476?
4
What is the hundred millions digit of 1207869307?
2
What is the hundred thousands digit of 7775555?
7
What is the ten thousands digit of 1394962064?
6
What is the ten thousands digit of 263156127?
5
What is the hundred thousands digit of 19543548?
5
What is the millions digit of 49082057?
9
What is the tens digit of 3997701297?
9
What is the units digit of 2027281?
1
What is the hundreds digit of 629438471?
4
What is the ten thousands digit of 3128712586?
1
What is the hundreds digit of 910475790?
7
What is the units digit of 1116982134?
4
What is the hundred thousands digit of 114054215?
0
What is the tens digit of 4222949048?
4
What is the hundred millions digit of 1046539648?
0
What is the units digit of 879607559?
9
What is the tens digit of 497241451?
5
What is the thousands digit of 1298722822?
2
What is the hundreds digit of 460183957?
9
What is the billions digit of 1229941457?
1
What is the ten thousands digit of 23885998?
8
What is the hundred thousands digit of 1402146022?
1
What is the ten thousands digit of 65797097?
9
What is the hundred thousands digit of 371728450?
7
What is the thousands digit of 128248442?
8
What is the units digit of 1933148744?
4
What is the ten millions digit of 766684242?
6
What is the tens digit of 1305978329?
2
What is the tens digit of 150027068?
6
What is the units digit of 993470630?
0
What is the hundreds digit of 306249763?
7
What is the hundreds digit of 433792648?
6
What is the hundred millions digit of 6575327212?
5
What is the units digit of 155202833?
3
What is the hundred millions digit of 147077675?
1
What is the thousands digit of 985349?
5
What is the thousands digit of 545678199?
8
What is the millions digit of 165371195?
5
What is the units digit of 1963610269?
9
What is the ten thousands digit of 160004228?
0
What is the hundreds digit of 597571989?
9
What is the tens digit of 28918612?
1
What is the ten thousands digit of 2059388922?
8
What is the hundred millions digit of 1222351468?
2
What is the tens digit of 789276828?
2
What is the tens digit of 52410081?
8
What is the ten millions digit of 4082967414?
8
What is the thousands digit of 149890067?
0
What is the hundreds digit of 1807025038?
0
What is the tens digit of 225880683?
8
What is the hundred thousands digit of 759236663?
2
What is the ten millions digit of 3604487184?
0
What is the hundreds digit of 3329198596?
5
What is the hundred thousands digit of 14037315?
0
What is the ten millions digit of 10256947?
1
What is the millions digit of 619422442?
9
What is the tens digit of 54470541?
4
What is the hundreds digit of 55205381?
3
What is the hundred thousands digit of 112239062?
2
What is the millions digit of 251325359?
1
What is the millions digit of 345189097?
5
What is the units digit of 144977710?
0
What is the hundred millions digit of 3256146185?
2
What is the units digit of 91629335?
5
What is the ten millions digit of 262127973?
6
What is the ten thousands digit of 1833120767?
2
What is the ten millions digit of 813641014?
1
What is the hundred thousands digit of 52366421?
3
What is the ten thousands digit of 302123857?
2
What is the millions digit of 1698096529?
8
What is the units digit of 330973601?
1
What is the millions digit of 1952048021?
2
What is the hundreds digit of 4435519306?
3
What is the hundreds digit of 887619511?
5
What is the hundred thousands digit of 83021324?
0
What is the hundreds digit of 6760372892?
8
What is the ten thousands digit of 30072226?
7
What is the thousands digit of 668024606?
4
What is the millions digit of 670134758?
0
What is the ten thousands digit of 201698005?
9
What is the ten thousands digit of 293311764?
1
What is the ten thousands digit of 7839043991?
4
